{"id":401,"date":"2021-11-01T11:30:50","date_gmt":"2021-11-01T11:30:50","guid":{"rendered":"https:\/\/demo.athemes.com\/sydney-main-gb\/?page_id=401"},"modified":"2026-01-09T10:59:04","modified_gmt":"2026-01-09T09:59:04","slug":"about","status":"publish","type":"page","link":"https:\/\/sara.globokar.net\/index.php\/about\/","title":{"rendered":"Skupni treningi"},"content":{"rendered":"\n<div class=\"wp-block-cover alignfull has-parallax wp-duotone-000000-rgba4130203057-1\" style=\"min-height:700px;aspect-ratio:unset;\"><div class=\"wp-block-cover__image-background wp-image-1041 size-full has-parallax\" style=\"background-position:50% 50%;background-image:url(https:\/\/sara.globokar.net\/wp-content\/uploads\/2026\/01\/622b35c41416709fbbea84f788f8049b-4.jpg)\"><\/div><span aria-hidden=\"true\" class=\"wp-block-cover__background has-global-color-2-background-color has-background-dim\"><\/span><div class=\"wp-block-cover__inner-container has-global-padding is-layout-constrained wp-block-cover-is-layout-constrained\">\n<p class=\"has-text-align-center has-large-font-size\"><\/p>\n<\/div><\/div>\n\n\n\n<div class=\"wp-block-group alignfull has-global-padding is-layout-constrained wp-container-core-group-is-layout-4c86130a wp-block-group-is-layout-constrained\" style=\"margin-top:0;margin-bottom:0;padding-top:var(--wp--preset--spacing--70);padding-right:var(--wp--preset--spacing--30);padding-bottom:var(--wp--preset--spacing--70);padding-left:var(--wp--preset--spacing--30)\">\n<div class=\"wp-block-columns alignwide are-vertically-aligned-center has-text-color has-link-color wp-elements-4f98a5c8a81de16d3e184da56797cb23 is-layout-flex wp-container-core-columns-is-layout-cbe57604 wp-block-columns-is-layout-flex\" style=\"color:#233452\">\n<div class=\"wp-block-column is-vertically-aligned-center is-layout-flow wp-block-column-is-layout-flow\" style=\"flex-basis:50%\">\n<h6 class=\"wp-block-heading is-style-sydney-no-margin has-text-color has-small-font-size\" style=\"color:#737C8C;letter-spacing:1px;text-transform:uppercase\">PRIDRU\u017dI SE LOKALNIM KAJAKA\u0160EM<\/h6>\n\n\n\n<h2 class=\"wp-block-heading has-text-color has-link-color wp-elements-aeffa789ec85e8ce3b3e972c87f0977d\" style=\"color:#233452;margin-top:var(--wp--preset--spacing--30)\">Pridru\u017ei se kajaka\u0161em na doma\u010dih progah<\/h2>\n\n\n\n<p class=\"has-global-color-2-color has-text-color has-link-color wp-elements-3b7e1044f8a70d61dc62cbb557559526\"><strong>Poglej \u0161e preden gre\u0161, kdo kje trenira in je pripravljen sodelovati!<\/strong><\/p>\n\n\n\n<p class=\"has-color-3-color has-text-color\" style=\"margin-top:var(--wp--preset--spacing--30)\"><strong>Na progah, ki jih obi\u0161\u010de\u0161, se lahko pridru\u017ei\u0161 lokalnim kajaka\u0161em ali celotnim ekipam, trenira\u0161 v spodbudnem okolju, dobi\u0161 dru\u017ebo in ob\u010dutek pripadnosti ter skozi skupne treninge, nasvete in izmenjavo izku\u0161enj bogati\u0161 svoje znanje in napredek.<\/strong><\/p>\n<\/div>\n\n\n\n<div class=\"wp-block-column is-vertically-aligned-center is-layout-flow wp-block-column-is-layout-flow\" style=\"padding-top:0;padding-right:0;padding-bottom:0;padding-left:0;flex-basis:50%\">\n<figure class=\"wp-block-image size-large has-custom-border wp-duotone-000000-rgba0112177057-2\"><img loading=\"lazy\" decoding=\"async\" width=\"1024\" height=\"768\" src=\"https:\/\/sara.globokar.net\/wp-content\/uploads\/2026\/01\/Michele_Pistoni_Caterina_Pignat_Elio_Maiutto-1739169039750-3-1024x768.jpg\" alt=\"\" class=\"wp-image-1212\" style=\"border-top-left-radius:10px;border-top-right-radius:10px;border-bottom-left-radius:10px;border-bottom-right-radius:10px\" srcset=\"https:\/\/sara.globokar.net\/wp-content\/uploads\/2026\/01\/Michele_Pistoni_Caterina_Pignat_Elio_Maiutto-1739169039750-3-1024x768.jpg 1024w, https:\/\/sara.globokar.net\/wp-content\/uploads\/2026\/01\/Michele_Pistoni_Caterina_Pignat_Elio_Maiutto-1739169039750-3-300x225.jpg 300w, https:\/\/sara.globokar.net\/wp-content\/uploads\/2026\/01\/Michele_Pistoni_Caterina_Pignat_Elio_Maiutto-1739169039750-3-768x576.jpg 768w, https:\/\/sara.globokar.net\/wp-content\/uploads\/2026\/01\/Michele_Pistoni_Caterina_Pignat_Elio_Maiutto-1739169039750-3-1536x1152.jpg 1536w, https:\/\/sara.globokar.net\/wp-content\/uploads\/2026\/01\/Michele_Pistoni_Caterina_Pignat_Elio_Maiutto-1739169039750-3-1000x750.jpg 1000w, https:\/\/sara.globokar.net\/wp-content\/uploads\/2026\/01\/Michele_Pistoni_Caterina_Pignat_Elio_Maiutto-1739169039750-3-230x173.jpg 230w, https:\/\/sara.globokar.net\/wp-content\/uploads\/2026\/01\/Michele_Pistoni_Caterina_Pignat_Elio_Maiutto-1739169039750-3-350x263.jpg 350w, https:\/\/sara.globokar.net\/wp-content\/uploads\/2026\/01\/Michele_Pistoni_Caterina_Pignat_Elio_Maiutto-1739169039750-3-480x360.jpg 480w, https:\/\/sara.globokar.net\/wp-content\/uploads\/2026\/01\/Michele_Pistoni_Caterina_Pignat_Elio_Maiutto-1739169039750-3.jpg 1920w\" sizes=\"auto, (max-width: 1024px) 100vw, 1024px\" \/><\/figure>\n<\/div>\n<\/div>\n<\/div>\n\n\n\n<div class=\"wp-block-group alignfull has-background has-global-padding is-layout-constrained wp-block-group-is-layout-constrained\" style=\"background-color:#233452;margin-top:0;margin-bottom:0;padding-top:var(--wp--preset--spacing--70);padding-bottom:var(--wp--preset--spacing--70)\">\n<div class=\"wp-block-columns alignwide are-vertically-aligned-center is-layout-flex wp-container-core-columns-is-layout-cbe57604 wp-block-columns-is-layout-flex\">\n<div class=\"wp-block-column is-vertically-aligned-center is-layout-flow wp-block-column-is-layout-flow\" style=\"flex-basis:50%\">\n<figure class=\"wp-block-image size-full has-custom-border wp-duotone-000000-rgba4130203057-3\"><img loading=\"lazy\" decoding=\"async\" width=\"900\" height=\"600\" src=\"https:\/\/sara.globokar.net\/wp-content\/uploads\/2026\/01\/britishteam2019-50.jpg\" alt=\"\" class=\"wp-image-1245\" style=\"border-top-left-radius:10px;border-top-right-radius:10px;border-bottom-left-radius:10px;border-bottom-right-radius:10px\" srcset=\"https:\/\/sara.globokar.net\/wp-content\/uploads\/2026\/01\/britishteam2019-50.jpg 900w, https:\/\/sara.globokar.net\/wp-content\/uploads\/2026\/01\/britishteam2019-50-300x200.jpg 300w, https:\/\/sara.globokar.net\/wp-content\/uploads\/2026\/01\/britishteam2019-50-768x512.jpg 768w, https:\/\/sara.globokar.net\/wp-content\/uploads\/2026\/01\/britishteam2019-50-230x153.jpg 230w, https:\/\/sara.globokar.net\/wp-content\/uploads\/2026\/01\/britishteam2019-50-350x233.jpg 350w, https:\/\/sara.globokar.net\/wp-content\/uploads\/2026\/01\/britishteam2019-50-480x320.jpg 480w\" sizes=\"auto, (max-width: 900px) 100vw, 900px\" \/><\/figure>\n<\/div>\n\n\n\n<div class=\"wp-block-column is-vertically-aligned-center is-layout-flow wp-block-column-is-layout-flow\" style=\"padding-top:0;padding-right:0;padding-bottom:0;padding-left:var(--wp--preset--spacing--30);flex-basis:50%\">\n<h2 class=\"wp-block-heading has-global-color-1-color has-text-color\" style=\"margin-bottom:var(--wp--preset--spacing--40)\">Kako se pridru\u017ei\u0161?<\/h2>\n\n\n\n<h6 class=\"wp-block-heading has-global-color-1-color has-text-color\">ENOSTAVNO, <strong>POGLEJ SPODAJ<\/strong>,<\/h6>\n\n\n\n<p class=\"has-global-color-1-color has-text-color\">samo izberi ponujeno skupino, napi\u0161i kaj i\u0161\u010de\u0161 in se pridru\u017eit kajaka\u0161u ali ekipi.<\/p>\n\n\n\n<p class=\"has-global-color-1-color has-text-color has-link-color has-large-font-size wp-elements-4fc41e8f47825dadd16cbfa7a84ad2f9\"><strong>POGLEJ SVOJE MO\u017dNOSTI<\/strong><\/p>\n<\/div>\n<\/div>\n<\/div>\n\n\n\n<div class=\"wp-block-group alignfull has-global-padding is-layout-constrained wp-container-core-group-is-layout-5cffc2c1 wp-block-group-is-layout-constrained\" style=\"padding-top:var(--wp--preset--spacing--70);padding-right:var(--wp--preset--spacing--30);padding-bottom:var(--wp--preset--spacing--70);padding-left:var(--wp--preset--spacing--30)\">\n<div class=\"wp-block-group alignwide is-layout-flow wp-block-group-is-layout-flow\">\n<h6 class=\"wp-block-heading is-style-sydney-no-margin has-text-color has-small-font-size\" style=\"color:#737C8C;letter-spacing:1px;text-transform:uppercase\">IZBERI KAJ TE ZANIMA<\/h6>\n<\/div>\n\n\n\n<div class=\"wp-block-columns alignwide is-layout-flex wp-container-core-columns-is-layout-e1fea541 wp-block-columns-is-layout-flex\" style=\"margin-top:var(--wp--preset--spacing--50)\">\n<div class=\"wp-block-column is-layout-flow wp-block-column-is-layout-flow\" style=\"flex-basis:25%\">\n<figure class=\"wp-block-image size-full has-custom-border wp-duotone-000000-rgba0112177057-4\"><img loading=\"lazy\" decoding=\"async\" width=\"2560\" height=\"1707\" src=\"https:\/\/sara.globokar.net\/wp-content\/uploads\/2026\/01\/Flag_of_Spain.svg-1.webp\" alt=\"\" class=\"wp-image-1415\" style=\"border-top-left-radius:10px;border-top-right-radius:10px;border-bottom-left-radius:10px;border-bottom-right-radius:10px\" srcset=\"https:\/\/sara.globokar.net\/wp-content\/uploads\/2026\/01\/Flag_of_Spain.svg-1.webp 2560w, https:\/\/sara.globokar.net\/wp-content\/uploads\/2026\/01\/Flag_of_Spain.svg-1-300x200.webp 300w, https:\/\/sara.globokar.net\/wp-content\/uploads\/2026\/01\/Flag_of_Spain.svg-1-1024x683.webp 1024w, https:\/\/sara.globokar.net\/wp-content\/uploads\/2026\/01\/Flag_of_Spain.svg-1-768x512.webp 768w, https:\/\/sara.globokar.net\/wp-content\/uploads\/2026\/01\/Flag_of_Spain.svg-1-1536x1024.webp 1536w, https:\/\/sara.globokar.net\/wp-content\/uploads\/2026\/01\/Flag_of_Spain.svg-1-2048x1366.webp 2048w, https:\/\/sara.globokar.net\/wp-content\/uploads\/2026\/01\/Flag_of_Spain.svg-1-1000x667.webp 1000w, https:\/\/sara.globokar.net\/wp-content\/uploads\/2026\/01\/Flag_of_Spain.svg-1-230x153.webp 230w, https:\/\/sara.globokar.net\/wp-content\/uploads\/2026\/01\/Flag_of_Spain.svg-1-350x233.webp 350w, https:\/\/sara.globokar.net\/wp-content\/uploads\/2026\/01\/Flag_of_Spain.svg-1-480x320.webp 480w\" sizes=\"auto, (max-width: 2560px) 100vw, 2560px\" \/><\/figure>\n\n\n\n<h4 class=\"wp-block-heading\" style=\"margin-top:var(--wp--preset--spacing--30)\">Kajaka\u0161i v \u0160paniji<\/h4>\n\n\n\n<h6 class=\"wp-block-heading is-style-default has-text-color\" style=\"color:#737C8C;margin-top:var(--wp--preset--spacing--30);font-size:13px;letter-spacing:1px;text-transform:uppercase\">\u0160panija<\/h6>\n\n\n<div class=\"bp-block-group avatar-none has-description\">\n\t\t\t\n\t\t\t<div class=\"group-content\">\n\t\t\t\t\n\t\t\t\t<div class=\"group-description\">\n\t\t\t\t\t<strong><a href=\"https:\/\/sara.globokar.net\/groups\/spanski-kajakasi-ki-smo-te-pripravljeni-sprejeti-v-trening-skupino\/\">\u0160panski kajaka\u0161i, ki smo te pripravljeni sprejeti v trening skupino<\/a><\/strong>\n\t\t\t\t\t<div class=\"group-description-content\"><p>Tukaj smo \u0161panski kajaka\u0161i in kajaka\u0161i na \u0161panskih progah, ki smo pripravljeni veslati skupaj in te sprejeti med nas.<br \/>\nPridi, komaj \u010dakamo.<\/p>\n<\/div>\n\t\t\t\t\t\n\t\t\t\t<\/div>\n\t\t\t<\/div>\n\t\t<\/div><\/div>\n\n\n\n<div class=\"wp-block-column is-layout-flow wp-block-column-is-layout-flow\" style=\"flex-basis:25%\">\n<figure class=\"wp-block-image size-full has-custom-border wp-duotone-000000-rgba0112177057-5\"><img loading=\"lazy\" decoding=\"async\" width=\"920\" height=\"613\" src=\"https:\/\/sara.globokar.net\/wp-content\/uploads\/2026\/01\/nicolas_gestin_c1_france_canoe_slalom_tacen_2025.jpg\" alt=\"\" class=\"wp-image-1418\" style=\"border-top-left-radius:10px;border-top-right-radius:10px;border-bottom-left-radius:10px;border-bottom-right-radius:10px\" srcset=\"https:\/\/sara.globokar.net\/wp-content\/uploads\/2026\/01\/nicolas_gestin_c1_france_canoe_slalom_tacen_2025.jpg 920w, https:\/\/sara.globokar.net\/wp-content\/uploads\/2026\/01\/nicolas_gestin_c1_france_canoe_slalom_tacen_2025-300x200.jpg 300w, https:\/\/sara.globokar.net\/wp-content\/uploads\/2026\/01\/nicolas_gestin_c1_france_canoe_slalom_tacen_2025-768x512.jpg 768w, https:\/\/sara.globokar.net\/wp-content\/uploads\/2026\/01\/nicolas_gestin_c1_france_canoe_slalom_tacen_2025-230x153.jpg 230w, https:\/\/sara.globokar.net\/wp-content\/uploads\/2026\/01\/nicolas_gestin_c1_france_canoe_slalom_tacen_2025-350x233.jpg 350w, https:\/\/sara.globokar.net\/wp-content\/uploads\/2026\/01\/nicolas_gestin_c1_france_canoe_slalom_tacen_2025-480x320.jpg 480w\" sizes=\"auto, (max-width: 920px) 100vw, 920px\" \/><\/figure>\n\n\n\n<h4 class=\"wp-block-heading\" style=\"margin-top:var(--wp--preset--spacing--30)\">Kanuisti<\/h4>\n\n\n\n<h6 class=\"wp-block-heading is-style-default has-text-color\" style=\"color:#737C8C;margin-top:var(--wp--preset--spacing--30);font-size:13px;letter-spacing:1px;text-transform:uppercase\">C1 &#8211; SAMO KANUSITI<\/h6>\n<\/div>\n\n\n\n<div class=\"wp-block-column is-layout-flow wp-block-column-is-layout-flow\" style=\"flex-basis:25%\">\n<figure class=\"wp-block-image size-full has-custom-border wp-duotone-000000-rgba0112177057-6\"><img loading=\"lazy\" decoding=\"async\" width=\"1556\" height=\"1037\" src=\"https:\/\/sara.globokar.net\/wp-content\/uploads\/2026\/01\/Gara_a_squadre_K1Wjunior_Italia_bronzo-1-1.jpg\" alt=\"\" class=\"wp-image-1420\" style=\"border-top-left-radius:10px;border-top-right-radius:10px;border-bottom-left-radius:10px;border-bottom-right-radius:10px\" srcset=\"https:\/\/sara.globokar.net\/wp-content\/uploads\/2026\/01\/Gara_a_squadre_K1Wjunior_Italia_bronzo-1-1.jpg 1556w, https:\/\/sara.globokar.net\/wp-content\/uploads\/2026\/01\/Gara_a_squadre_K1Wjunior_Italia_bronzo-1-1-300x200.jpg 300w, https:\/\/sara.globokar.net\/wp-content\/uploads\/2026\/01\/Gara_a_squadre_K1Wjunior_Italia_bronzo-1-1-1024x682.jpg 1024w, https:\/\/sara.globokar.net\/wp-content\/uploads\/2026\/01\/Gara_a_squadre_K1Wjunior_Italia_bronzo-1-1-768x512.jpg 768w, https:\/\/sara.globokar.net\/wp-content\/uploads\/2026\/01\/Gara_a_squadre_K1Wjunior_Italia_bronzo-1-1-1536x1024.jpg 1536w, https:\/\/sara.globokar.net\/wp-content\/uploads\/2026\/01\/Gara_a_squadre_K1Wjunior_Italia_bronzo-1-1-1000x666.jpg 1000w, https:\/\/sara.globokar.net\/wp-content\/uploads\/2026\/01\/Gara_a_squadre_K1Wjunior_Italia_bronzo-1-1-230x153.jpg 230w, https:\/\/sara.globokar.net\/wp-content\/uploads\/2026\/01\/Gara_a_squadre_K1Wjunior_Italia_bronzo-1-1-350x233.jpg 350w, https:\/\/sara.globokar.net\/wp-content\/uploads\/2026\/01\/Gara_a_squadre_K1Wjunior_Italia_bronzo-1-1-480x320.jpg 480w\" sizes=\"auto, (max-width: 1556px) 100vw, 1556px\" \/><\/figure>\n\n\n\n<h4 class=\"wp-block-heading\" style=\"margin-top:var(--wp--preset--spacing--30)\">Punce skupaj<\/h4>\n\n\n\n<h6 class=\"wp-block-heading is-style-default has-text-color\" style=\"color:#737C8C;margin-top:var(--wp--preset--spacing--30);font-size:13px;letter-spacing:1px;text-transform:uppercase\">PUNCE<\/h6>\n<\/div>\n<\/div>\n<\/div>\n","protected":false},"excerpt":{"rendered":"<p>PRIDRU\u017dI SE LOKALNIM KAJAKA\u0160EM Pridru\u017ei se kajaka\u0161em na doma\u010dih progah Poglej \u0161e preden gre\u0161, kdo kje trenira in je pripravljen sodelovati! Na [&hellip;]<\/p>\n","protected":false},"author":1,"featured_media":0,"parent":0,"menu_order":0,"comment_status":"closed","ping_status":"closed","template":"page-templates\/page_front-page.php","meta":{"footnotes":""},"class_list":["post-401","page","type-page","status-publish","hentry"],"_links":{"self":[{"href":"https:\/\/sara.globokar.net\/index.php\/wp-json\/wp\/v2\/pages\/401","targetHints":{"allow":["GET"]}}],"collection":[{"href":"https:\/\/sara.globokar.net\/index.php\/wp-json\/wp\/v2\/pages"}],"about":[{"href":"https:\/\/sara.globokar.net\/index.php\/wp-json\/wp\/v2\/types\/page"}],"author":[{"embeddable":true,"href":"https:\/\/sara.globokar.net\/index.php\/wp-json\/wp\/v2\/users\/1"}],"replies":[{"embeddable":true,"href":"https:\/\/sara.globokar.net\/index.php\/wp-json\/wp\/v2\/comments?post=401"}],"version-history":[{"count":38,"href":"https:\/\/sara.globokar.net\/index.php\/wp-json\/wp\/v2\/pages\/401\/revisions"}],"predecessor-version":[{"id":1515,"href":"https:\/\/sara.globokar.net\/index.php\/wp-json\/wp\/v2\/pages\/401\/revisions\/1515"}],"wp:attachment":[{"href":"https:\/\/sara.globokar.net\/index.php\/wp-json\/wp\/v2\/media?parent=401"}],"curies":[{"name":"wp","href":"https:\/\/api.w.org\/{rel}","templated":true}]}}